{"id":46,"date":"2022-06-07T06:50:53","date_gmt":"2022-06-07T04:50:53","guid":{"rendered":"http:\/\/www.das-800grad.de\/HP-2022\/?page_id=46"},"modified":"2022-06-08T12:59:22","modified_gmt":"2022-06-08T10:59:22","slug":"catering","status":"publish","type":"page","link":"http:\/\/www.das-800grad.de\/HP-2022\/catering\/","title":{"rendered":"Catering"},"content":{"rendered":"\n<h1 class=\"has-text-align-center has-white-color has-text-color has-x-large-font-size wp-block-heading\">Catering<\/h1>\n\n\n\n<br>\n\n\n<div class=\"wp-block-image\">\n<figure class=\"aligncenter size-full is-resized\"><img loading=\"lazy\" decoding=\"async\" src=\"http:\/\/www.das-800grad.de\/HP-2022\/wp-content\/uploads\/2022\/06\/Catering-01.jpg\" alt=\"\" class=\"wp-image-329\" width=\"844\" height=\"277\" srcset=\"http:\/\/www.das-800grad.de\/HP-2022\/wp-content\/uploads\/2022\/06\/Catering-01.jpg 600w, http:\/\/www.das-800grad.de\/HP-2022\/wp-content\/uploads\/2022\/06\/Catering-01-300x99.jpg 300w\" sizes=\"auto, (max-width: 844px) 100vw, 844px\" \/><\/figure>\n<\/div>\n\n\n<br>\n\n\n\n<h2 class=\"has-text-align-center has-white-color has-text-color wp-block-heading\"><strong>Unser Catering<\/strong><\/h2>\n\n\n\n<p class=\"has-text-align-center has-medium-font-size\">Wir bieten Ihnen professionelles Catering zu einem attraktiven Preis-Leistungsniveau. Welches zwischen 8,00\u20ac bis &#8230;. liegt. F\u00fcr die kleine Feier im Familienkreis oder des gro\u00dfe Event wie z.B. Ihre Hochzeit, eine Betriebsfeier oder oder oder. Durch modernste K\u00fccheneinrichtung sind wir in der Lage f\u00fcr 10 bis 400 Personen von einfachen Gerichten bis hin zum exklusiven B\u00fcfett alles zu realisieren.<\/p>\n\n\n\n<p class=\"has-text-align-center has-large-font-size\">Wir w\u00fcrden Sie gerne pers\u00f6nlich Beraten!<\/p>\n\n\n\n<p class=\"has-text-align-center has-large-font-size\">Ansprechpartner ist Rainer Dietrich<\/p>\n\n\n\n<br>\n\n\n\n<hr class=\"wp-block-separator has-alpha-channel-opacity\"\/>\n\n\n\n<div class=\"wp-block-media-text alignwide is-stacked-on-mobile is-vertically-aligned-center\" style=\"grid-template-columns:40% auto\"><figure class=\"wp-block-media-text__media\"><img loading=\"lazy\" decoding=\"async\" width=\"600\" height=\"452\" src=\"http:\/\/www.das-800grad.de\/HP-2022\/wp-content\/uploads\/2022\/06\/warmes-Buefett.jpg\" alt=\"\" class=\"wp-image-335 size-full\" srcset=\"http:\/\/www.das-800grad.de\/HP-2022\/wp-content\/uploads\/2022\/06\/warmes-Buefett.jpg 600w, http:\/\/www.das-800grad.de\/HP-2022\/wp-content\/uploads\/2022\/06\/warmes-Buefett-300x226.jpg 300w\" sizes=\"auto, (max-width: 600px) 100vw, 600px\" \/><\/figure><div class=\"wp-block-media-text__content\">\n<p class=\"has-large-font-size\">Warmes B\u00fcfett<\/p>\n\n\n\n<p class=\"has-medium-font-size\">Wir stellen Ihnen Ihr warmes Wuschb\u00fcfett gerne zusammen. Hier gibt es sehr viele M\u00f6glichkeiten, hier mal eine kleine Auswahl.<\/p>\n\n\n\n<p><\/p>\n\n\n\n<p class=\"has-medium-font-size\">Fleisch:<\/p>\n\n\n\n<p class=\"has-medium-font-size\">Scheinelende in heller Champignonrahmso\u00dfe, Rinderbraten in Burgunderso\u00dfe, Riderrouladen, Schweinsbraten in Bockbierso\u00dfe, Krustenbraten, Wildbraten aus der Region in verschiedenen So\u00dfen, Fischvarriationen,\u00a0gef\u00fcllte H\u00e4hnchenroulade, Schweineschnitzel &#8230;&#8230;&#8230;.<\/p>\n\n\n\n<p><\/p>\n\n\n\n<p class=\"has-medium-font-size\">Beilagen:<\/p>\n\n\n\n<p class=\"has-medium-font-size\">Kartoffelgratin, Partykartoffeln, Folienkartoffeln mit Dipp, Rahmduffeln, hausgemachte Sp\u00e4tzle, Reisvarriationen, Grillgem\u00fcse, Gem\u00fcseplatte Classic, Blumenkohlkopf, Speckbohnenb\u00fcndchen, Salatauswahl nach Wunsch mit diversen Dressings &#8230;&#8230;..<\/p>\n<\/div><\/div>\n\n\n\n<hr class=\"wp-block-separator has-alpha-channel-opacity\"\/>\n\n\n\n<div class=\"wp-block-media-text alignwide has-media-on-the-right is-stacked-on-mobile is-vertically-aligned-center\" style=\"grid-template-columns:auto 40%\"><figure class=\"wp-block-media-text__media\"><img loading=\"lazy\" decoding=\"async\" width=\"600\" height=\"452\" src=\"http:\/\/www.das-800grad.de\/HP-2022\/wp-content\/uploads\/2022\/06\/kaltes-Buefett.jpg\" alt=\"\" class=\"wp-image-338 size-full\" srcset=\"http:\/\/www.das-800grad.de\/HP-2022\/wp-content\/uploads\/2022\/06\/kaltes-Buefett.jpg 600w, http:\/\/www.das-800grad.de\/HP-2022\/wp-content\/uploads\/2022\/06\/kaltes-Buefett-300x226.jpg 300w\" sizes=\"auto, (max-width: 600px) 100vw, 600px\" \/><\/figure><div class=\"wp-block-media-text__content\">\n<p class=\"has-large-font-size\">Kaltes B\u00fcfett<\/p>\n\n\n\n<p class=\"has-medium-font-size\">Bei unseren kalten B\u00fcfetts, arbeiten wir mit renommierten heimischen Fleischereien &amp; B\u00e4ckereien zusammen. Halt Qualit\u00e4t aus der Region. Selbstverst\u00e4ndlich k\u00f6nnen kalte B\u00fcfetts mit warmen kombiniert werden.<\/p>\n\n\n\n<p><\/p>\n\n\n\n<p class=\"has-medium-font-size\">Wenn Sie einen ausgeweiteten Service w\u00fcnschen, wie z.B. Zelt mit und ohne Boden, Bestuhlung, Tische, Tischw\u00e4sche, Geschirr, Getr\u00e4nke aller Art oder\u00a0geschultes Personal auf Ihrer Veranstaltung wenden Sie sich gerne an uns.<\/p>\n\n\n\n<p><\/p>\n\n\n\n<p class=\"has-medium-font-size\">Dies k\u00f6nnen wir dank enger Zusammenarbeit mit der Firma Getr\u00e4nke Meinecke alles bieten.\u00a0Gerne stellen wir f\u00fcr Sie den Kontakt zu Herrn\u00a0Dirk Meinecke her.\u00a0Mit Ihm k\u00f6nnen Sie Ihre W\u00fcnsche rund um die Veranstaltung planen,\u00a0und das Team vom 800Grad Restaurant k\u00fcmmert sich um den kulinarischen Genuss.<\/p>\n<\/div><\/div>\n\n\n\n<figure class=\"wp-block-image alignwide size-large\"><img loading=\"lazy\" decoding=\"async\" width=\"1024\" height=\"189\" src=\"http:\/\/www.das-800grad.de\/HP-2022\/wp-content\/uploads\/2022\/06\/Unbenannt-1024x189.png\" alt=\"\" class=\"wp-image-341\" srcset=\"http:\/\/www.das-800grad.de\/HP-2022\/wp-content\/uploads\/2022\/06\/Unbenannt-1024x189.png 1024w, http:\/\/www.das-800grad.de\/HP-2022\/wp-content\/uploads\/2022\/06\/Unbenannt-300x55.png 300w, http:\/\/www.das-800grad.de\/HP-2022\/wp-content\/uploads\/2022\/06\/Unbenannt-768x142.png 768w, http:\/\/www.das-800grad.de\/HP-2022\/wp-content\/uploads\/2022\/06\/Unbenannt.png 1212w\" sizes=\"auto, (max-width: 1024px) 100vw, 1024px\" \/><\/figure>\n","protected":false},"excerpt":{"rendered":"<p>Catering Unser Catering Wir bieten Ihnen professionelles Catering zu einem attraktiven Preis-Leistungsniveau. Welches zwischen 8,00\u20ac bis &#8230;. liegt. F\u00fcr die kleine Feier im Familienkreis oder&hellip;<\/p>\n","protected":false},"author":1,"featured_media":0,"parent":0,"menu_order":0,"comment_status":"closed","ping_status":"closed","template":"","meta":{"footnotes":""},"class_list":["post-46","page","type-page","status-publish","hentry"],"_links":{"self":[{"href":"http:\/\/www.das-800grad.de\/HP-2022\/wp-json\/wp\/v2\/pages\/46","targetHints":{"allow":["GET"]}}],"collection":[{"href":"http:\/\/www.das-800grad.de\/HP-2022\/wp-json\/wp\/v2\/pages"}],"about":[{"href":"http:\/\/www.das-800grad.de\/HP-2022\/wp-json\/wp\/v2\/types\/page"}],"author":[{"embeddable":true,"href":"http:\/\/www.das-800grad.de\/HP-2022\/wp-json\/wp\/v2\/users\/1"}],"replies":[{"embeddable":true,"href":"http:\/\/www.das-800grad.de\/HP-2022\/wp-json\/wp\/v2\/comments?post=46"}],"version-history":[{"count":13,"href":"http:\/\/www.das-800grad.de\/HP-2022\/wp-json\/wp\/v2\/pages\/46\/revisions"}],"predecessor-version":[{"id":352,"href":"http:\/\/www.das-800grad.de\/HP-2022\/wp-json\/wp\/v2\/pages\/46\/revisions\/352"}],"wp:attachment":[{"href":"http:\/\/www.das-800grad.de\/HP-2022\/wp-json\/wp\/v2\/media?parent=46"}],"curies":[{"name":"wp","href":"https:\/\/api.w.org\/{rel}","templated":true}]}}

<h1 class="has-text-align-center has-white-color has-text-color has-x-large-font-size wp-block-heading">Catering</h1>



<br>


<div class="wp-block-image">
<figure class="aligncenter size-full is-resized"><img loading="lazy" decoding="async" src="http://www.das-800grad.de/HP-2022/wp-content/uploads/2022/06/Catering-01.jpg" alt="" class="wp-image-329" width="844" height="277" srcset="http://www.das-800grad.de/HP-2022/wp-content/uploads/2022/06/Catering-01.jpg 600w, http://www.das-800grad.de/HP-2022/wp-content/uploads/2022/06/Catering-01-300x99.jpg 300w" sizes="auto, (max-width: 844px) 100vw, 844px" /></figure>
</div>


<br>



<h2 class="has-text-align-center has-white-color has-text-color wp-block-heading"><strong>Unser Catering</strong></h2>



<p class="has-text-align-center has-medium-font-size">Wir bieten Ihnen professionelles Catering zu einem attraktiven Preis-Leistungsniveau. Welches zwischen 8,00€ bis &#8230;. liegt. Für die kleine Feier im Familienkreis oder des große Event wie z.B. Ihre Hochzeit, eine Betriebsfeier oder oder oder. Durch modernste Kücheneinrichtung sind wir in der Lage für 10 bis 400 Personen von einfachen Gerichten bis hin zum exklusiven Büfett alles zu realisieren.</p>



<p class="has-text-align-center has-large-font-size">Wir würden Sie gerne persönlich Beraten!</p>



<p class="has-text-align-center has-large-font-size">Ansprechpartner ist Rainer Dietrich</p>



<br>



<hr class="wp-block-separator has-alpha-channel-opacity"/>



<div class="wp-block-media-text alignwide is-stacked-on-mobile is-vertically-aligned-center" style="grid-template-columns:40% auto"><figure class="wp-block-media-text__media"><img loading="lazy" decoding="async" width="600" height="452" src="http://www.das-800grad.de/HP-2022/wp-content/uploads/2022/06/warmes-Buefett.jpg" alt="" class="wp-image-335 size-full" srcset="http://www.das-800grad.de/HP-2022/wp-content/uploads/2022/06/warmes-Buefett.jpg 600w, http://www.das-800grad.de/HP-2022/wp-content/uploads/2022/06/warmes-Buefett-300x226.jpg 300w" sizes="auto, (max-width: 600px) 100vw, 600px" /></figure><div class="wp-block-media-text__content">
<p class="has-large-font-size">Warmes Büfett</p>



<p class="has-medium-font-size">Wir stellen Ihnen Ihr warmes Wuschbüfett gerne zusammen. Hier gibt es sehr viele Möglichkeiten, hier mal eine kleine Auswahl.</p>



<p></p>



<p class="has-medium-font-size">Fleisch:</p>



<p class="has-medium-font-size">Scheinelende in heller Champignonrahmsoße, Rinderbraten in Burgundersoße, Riderrouladen, Schweinsbraten in Bockbiersoße, Krustenbraten, Wildbraten aus der Region in verschiedenen Soßen, Fischvarriationen, gefüllte Hähnchenroulade, Schweineschnitzel &#8230;&#8230;&#8230;.</p>



<p></p>



<p class="has-medium-font-size">Beilagen:</p>



<p class="has-medium-font-size">Kartoffelgratin, Partykartoffeln, Folienkartoffeln mit Dipp, Rahmduffeln, hausgemachte Spätzle, Reisvarriationen, Grillgemüse, Gemüseplatte Classic, Blumenkohlkopf, Speckbohnenbündchen, Salatauswahl nach Wunsch mit diversen Dressings &#8230;&#8230;..</p>
</div></div>



<hr class="wp-block-separator has-alpha-channel-opacity"/>



<div class="wp-block-media-text alignwide has-media-on-the-right is-stacked-on-mobile is-vertically-aligned-center" style="grid-template-columns:auto 40%"><figure class="wp-block-media-text__media"><img loading="lazy" decoding="async" width="600" height="452" src="http://www.das-800grad.de/HP-2022/wp-content/uploads/2022/06/kaltes-Buefett.jpg" alt="" class="wp-image-338 size-full" srcset="http://www.das-800grad.de/HP-2022/wp-content/uploads/2022/06/kaltes-Buefett.jpg 600w, http://www.das-800grad.de/HP-2022/wp-content/uploads/2022/06/kaltes-Buefett-300x226.jpg 300w" sizes="auto, (max-width: 600px) 100vw, 600px" /></figure><div class="wp-block-media-text__content">
<p class="has-large-font-size">Kaltes Büfett</p>



<p class="has-medium-font-size">Bei unseren kalten Büfetts, arbeiten wir mit renommierten heimischen Fleischereien &amp; Bäckereien zusammen. Halt Qualität aus der Region. Selbstverständlich können kalte Büfetts mit warmen kombiniert werden.</p>



<p></p>



<p class="has-medium-font-size">Wenn Sie einen ausgeweiteten Service wünschen, wie z.B. Zelt mit und ohne Boden, Bestuhlung, Tische, Tischwäsche, Geschirr, Getränke aller Art oder geschultes Personal auf Ihrer Veranstaltung wenden Sie sich gerne an uns.</p>



<p></p>



<p class="has-medium-font-size">Dies können wir dank enger Zusammenarbeit mit der Firma Getränke Meinecke alles bieten. Gerne stellen wir für Sie den Kontakt zu Herrn Dirk Meinecke her. Mit Ihm können Sie Ihre Wünsche rund um die Veranstaltung planen, und das Team vom 800Grad Restaurant kümmert sich um den kulinarischen Genuss.</p>
</div></div>



<figure class="wp-block-image alignwide size-large"><img loading="lazy" decoding="async" width="1024" height="189" src="http://www.das-800grad.de/HP-2022/wp-content/uploads/2022/06/Unbenannt-1024x189.png" alt="" class="wp-image-341" srcset="http://www.das-800grad.de/HP-2022/wp-content/uploads/2022/06/Unbenannt-1024x189.png 1024w, http://www.das-800grad.de/HP-2022/wp-content/uploads/2022/06/Unbenannt-300x55.png 300w, http://www.das-800grad.de/HP-2022/wp-content/uploads/2022/06/Unbenannt-768x142.png 768w, http://www.das-800grad.de/HP-2022/wp-content/uploads/2022/06/Unbenannt.png 1212w" sizes="auto, (max-width: 1024px) 100vw, 1024px" /></figure>

<p>Catering Unser Catering Wir bieten Ihnen professionelles Catering zu einem attraktiven Preis-Leistungsniveau. Welches zwischen 8,00€ bis &#8230;. liegt. Für die kleine Feier im Familienkreis oder&hellip;</p>
