{"id":96,"date":"2022-06-07T08:22:46","date_gmt":"2022-06-07T06:22:46","guid":{"rendered":"http:\/\/www.das-800grad.de\/HP-2022\/?page_id=96"},"modified":"2022-07-03T15:57:47","modified_gmt":"2022-07-03T13:57:47","slug":"gaestebuch","status":"publish","type":"page","link":"http:\/\/www.das-800grad.de\/HP-2022\/gaestebuch\/","title":{"rendered":"G\u00e4stebuch"},"content":{"rendered":"<div class=\"gwolle-gb\"><div class=\"gwolle_gb_messages_top_container\"><\/div>\n\t\t\t<div class=\"gwolle-gb-write-button\">\n\t\t\t\t<input type=\"button\" name=\"gwolle-gb-write-button\" class=\"button btn btn-default \" value=\"Neuen Eintrag schreiben\" \/>\n\t\t\t<\/div>\n\t\t\t<form action=\"#\" method=\"POST\" class=\"gwolle-gb-write gwolle-gb-hide gwolle-gb-float gwolle_gb_form_ajax gwolle-gb-form-ajax gwolle-gb-ajax gwolle-gb-not-logged-in\">\n\t\t\t\t<h3>Einen neuen Eintrag f\u00fcr das G\u00e4stebuch schreiben<\/h3>\n\t\t\t\t<button type=\"button\" class=\"gb-notice-dismiss\">x<span class=\"screen-reader-text\">Dieses Formular ausblenden<\/span><\/button>\n\t\t\t\n\t\t\t\t<input type=\"hidden\" name=\"gwolle_gb_function\" class=\"gwolle_gb_function\" value=\"add_entry\" \/><input type=\"hidden\" name=\"gwolle_gb_book_id\" class=\"gwolle_gb_book_id\" value=\"1\" \/><div class=\"gwolle_gb_d697745e93f790d61992e186bfea8b89\">\n\t\t\t\t<div class=\"label\"><label for=\"gwolle_gb_d697745e93f790d61992e186bfea8b89\" class=\"text-info\">Name *<\/label><\/div>\n\t\t\t\t<div class=\"input\"><input class=\"wp-exclude-emoji gwolle_gb_d697745e93f790d61992e186bfea8b89\" value=\"\" type=\"text\" name=\"gwolle_gb_d697745e93f790d61992e186bfea8b89\" required \/><\/div>\n\t\t\t\t<div class=\"clearBoth\">&nbsp;<\/div>\n\t\t\t<\/div><div class=\"gwolle_gb_a55249c401ea33c7fd34e41f582922d5\">\n\t\t\t\t\t<div class=\"label\"><label for=\"gwolle_gb_a55249c401ea33c7fd34e41f582922d5\" class=\"text-info\">Ort<\/label><\/div>\n\t\t\t\t\t<div class=\"input\"><input class=\"wp-exclude-emoji gwolle_gb_a55249c401ea33c7fd34e41f582922d5\" value=\"\" type=\"text\" name=\"gwolle_gb_a55249c401ea33c7fd34e41f582922d5\" \/><\/div>\n\t\t\t\t\t<div class=\"clearBoth\">&nbsp;<\/div>\n\t\t\t\t<\/div><div class=\"gwolle_gb_f777c84c59e33068629b75ee2954fcea\">\n\t\t\t\t<div class=\"label\"><label for=\"gwolle_gb_f777c84c59e33068629b75ee2954fcea\" class=\"text-info\">E-Mail *<\/label><\/div>\n\t\t\t\t<div class=\"input\"><input class=\"gwolle_gb_f777c84c59e33068629b75ee2954fcea\" value=\"\" type=\"email\" name=\"gwolle_gb_f777c84c59e33068629b75ee2954fcea\" required \/><\/div>\n\t\t\t\t<div class=\"clearBoth\">&nbsp;<\/div>\n\t\t\t<\/div><div class=\"gwolle_gb_b09c7e51895f162ae47e5aa5acbc68ec\">\n\t\t\t\t<div class=\"label\"><label for=\"gwolle_gb_b09c7e51895f162ae47e5aa5acbc68ec\" class=\"text-info\">Website<\/label><\/div>\n\t\t\t\t<div class=\"input\"><input class=\"gwolle_gb_b09c7e51895f162ae47e5aa5acbc68ec\" value=\"\" type=\"url\" name=\"gwolle_gb_b09c7e51895f162ae47e5aa5acbc68ec\" \/><\/div>\n\t\t\t\t<div class=\"clearBoth\">&nbsp;<\/div>\n\t\t\t<\/div>\n\t\t\t<div class=\"gwolle_gb_175f1d2080d675c2bb6ae03427a9b91a\" style=\"display:none;\">\n\t\t\t\t<div class=\"label\">\n\t\t\t\t\t<label for=\"gwolle_gb_175f1d2080d675c2bb6ae03427a9b91a\" class=\"text-primary\">Hier nichts eingeben<\/label>\n\t\t\t\t\t<label for=\"gwolle_gb_68faf0411d1d35a7c4b40048454cc0a4\" class=\"text-primary\">Hier nichts eingeben<\/label>\n\t\t\t\t<\/div>\n\t\t\t\t<div class=\"input\">\n\t\t\t\t\t<input value=\"23\" type=\"text\" name=\"gwolle_gb_175f1d2080d675c2bb6ae03427a9b91a\" class=\"gwolle_gb_175f1d2080d675c2bb6ae03427a9b91a\" \/>\n\t\t\t\t\t<input value=\"\" type=\"text\" name=\"gwolle_gb_68faf0411d1d35a7c4b40048454cc0a4\" class=\"gwolle_gb_68faf0411d1d35a7c4b40048454cc0a4\" \/>\n\t\t\t\t<\/div>\n\t\t\t\t<div class=\"clearBoth\"><\/div>\n\t\t\t<\/div>\n\t\t\t<div class=\"gwolle_gb_3eab5bc797e343be0633af965378359e\" style=\"display:none;\">\n\t\t\t\t<div class=\"label\">\n\t\t\t\t\t<label for=\"gwolle_gb_3eab5bc797e343be0633af965378359e\" class=\"text-primary\">Hier nichts eingeben<\/label>\n\t\t\t\t\t<label for=\"gwolle_gb_66133d70f9658487cbfd20eb52426a8c\" class=\"text-primary\">Hier nichts eingeben<\/label>\n\t\t\t\t<\/div>\n\t\t\t\t<div class=\"input\">\n\t\t\t\t\t<input value=\"91899\" type=\"text\" name=\"gwolle_gb_3eab5bc797e343be0633af965378359e\" class=\"gwolle_gb_3eab5bc797e343be0633af965378359e\" \/>\n\t\t\t\t\t<input value=\"91899\" type=\"text\" name=\"gwolle_gb_66133d70f9658487cbfd20eb52426a8c\" class=\"gwolle_gb_66133d70f9658487cbfd20eb52426a8c\" \/>\n\t\t\t\t<\/div>\n\t\t\t\t<div class=\"clearBoth\"><\/div>\n\t\t\t<\/div><div class=\"gwolle_gb_content\">\n\t\t\t\t<div class=\"label\"><label for=\"gwolle_gb_content\" class=\"text-info\">G\u00e4stebucheintrag *<\/label><\/div>\n\t\t\t\t<div class=\"input\"><textarea name=\"gwolle_gb_content\" class=\"gwolle_gb_content wp-exclude-emoji\" required ><\/textarea><\/div>\n\t\t\t\t\t<div class=\"clearBoth\">&nbsp;<\/div>\n\t\t\t\t<\/div><input type=\"hidden\" class=\"gwolle_gb_27c9ab47c43fcd8a0374e2428101068a\" name=\"gwolle_gb_27c9ab47c43fcd8a0374e2428101068a\" value=\"6ab8c90035\" \/>\n\t\t\t<div class=\"gwolle_gb_messages_bottom_container\"><\/div>\n\n\t\t\t<noscript><div class=\"no-js\">Warnung: Dieses Formular kann nur verwendet werden, wenn in deinem Browser JavaScript aktiviert ist.<\/div><\/noscript>\n\n\t\t\t<div class=\"gwolle_gb_submit\">\n\t\t\t\t<div class=\"label gwolle-gb-invisible text-muted\">&nbsp;<\/div>\n\t\t\t\t<div class=\"input\">\n\t\t\t\t\t<input type=\"submit\" name=\"gwolle_gb_submit\" class=\"gwolle_gb_submit button btn btn-primary \" value=\"Absenden\" \/>\n\t\t\t\t\t<span class=\"gwolle_gb_submit_ajax_icon\"><\/span>\n\t\t\t\n\t\t\t\t<\/div>\n\t\t\t\t<div class=\"clearBoth\">&nbsp;<\/div>\n\t\t\t<\/div>\n\n\t\t\t<div class=\"gwolle_gb_notice\">\n\t\t\t\tMit * gekennzeichnete Felder sind erforderlich.<br \/>\r\nDeine E-Mail-Adresse wird nicht ver\u00f6ffentlicht.<br \/>\r\nEs ist m\u00f6glich, dass dein Eintrag im G\u00e4stebuch erst sichtbar ist, nachdem wir ihn \u00fcberpr\u00fcft haben.<br \/>\r\nWir behalten uns vor, Eintr\u00e4ge zu bearbeiten, zu l\u00f6schen oder nicht zu ver\u00f6ffentlichen.\n\t\t\t<\/div><\/form><div class=\"gwolle-gb-read gwolle-gb-ajax gwolle-gb-entries-list\" data-book_id=\"1\" data-page_id=\"1\">\n\t\t<div id=\"gwolle-gb-total\" class=\"gwolle-gb-total\">2 Eintr\u00e4ge<\/div><!-- Gwolle-GB Entry: Default Template Loaded -->\n\t\t\t\t<div class=\"gb-entry gb-entry_4 gb-entry-count_1 gwolle_gb_uneven gwolle-gb-uneven gwolle-gb-first\" data-entry_id=\"4\">\n\t\t\t\t<article>\n\t\t\t\t\t<div class=\"gb-author-info\">\n\t\t\t\t\t\t<span class=\"gb-author-avatar\"><img referrerpolicy=\"no-referrer\" alt='Michael Croll' src='https:\/\/secure.gravatar.com\/avatar\/2d150a337d0890930441f001c09b0dfed8ee0e128ada7a2e45c2a94e5d40eaac?s=32&#038;d=blank&#038;r=g' srcset='https:\/\/secure.gravatar.com\/avatar\/2d150a337d0890930441f001c09b0dfed8ee0e128ada7a2e45c2a94e5d40eaac?s=64&#038;d=blank&#038;r=g 2x' class='avatar avatar-32 photo' height='32' width='32' \/><\/span>\n\t\t\t\t\t\t<span class=\"gb-author-name\">Michael Croll\n\t\t\t\t\t\t<\/span>\n\t\t\t\t\t\t<span class=\"gb-datetime\">\n\t\t\t\t\t\t\t<span class=\"gb-date\"><span class=\"gb-date-wrote-text\"> schrieb am<\/span><span class=\"gb-date-text\"> 3. Juli 2022<\/span>\n\t\t\t\t\t\t\t<\/span><span class=\"gb-time\">\n\t\t\t\t\t\t\t\t\t<span class=\"gb-time-at-text\"> um<\/span>\n\t\t\t\t\t\t\t\t\t<span class=\"gb-time-text\"> 17:43<\/span>\n\t\t\t\t\t\t\t\t<\/span>\n\t\t\t\t\t\t<\/span> \n\t\t\t\t\t<\/div>\n\t\t\t\t\t<div class=\"gb-entry-content\">Neue \u00d6ffnungszeiten:\n\nFr. \u2013 So. ab 18:00\nSo. von 11:30 \u2013 14:00\n\t\t\t\t\t<\/div>\n\t\t\t\t<\/article>\n\t\t\t<\/div>\n\t\t\t<div class=\"gb-entry gb-entry_1 gb-entry-count_2 gwolle_gb_even gwolle-gb-even\" data-entry_id=\"1\">\n\t\t\t\t<article>\n\t\t\t\t\t<div class=\"gb-author-info\">\n\t\t\t\t\t\t<span class=\"gb-author-avatar\"><img referrerpolicy=\"no-referrer\" alt='Michael' src='https:\/\/secure.gravatar.com\/avatar\/bacda9598b9ee3f5bba02fe023707aa62f9b8907f9dd7e2147a8d2373ecf430e?s=32&#038;d=blank&#038;r=g' srcset='https:\/\/secure.gravatar.com\/avatar\/bacda9598b9ee3f5bba02fe023707aa62f9b8907f9dd7e2147a8d2373ecf430e?s=64&#038;d=blank&#038;r=g 2x' class='avatar avatar-32 photo' height='32' width='32' \/><\/span>\n\t\t\t\t\t\t<span class=\"gb-author-name\"><a href=\"http:\/\/www.das-800grad.de\/HP-2022\" target=\"_blank\" rel=\"nofollow noopener noreferrer\"\n\t\t\t\t\t\t\ttitle=\"Besuche die Website von Michael: http:\/\/www.das-800grad.de\/HP-2022\"><i class=\"gb-moderator\">Michael<\/i><\/a>\n\t\t\t\t\t\t<\/span>\n\t\t\t\t\t\t<span class=\"gb-author-origin\">\n\t\t\t\t\t\t\t<span class=\"gb-author-origin-from-text\"> aus<\/span>\n\t\t\t\t\t\t\t<span class=\"gb-author-origin-text\"> Bad Laasphe<\/span>\n\t\t\t\t\t\t<\/span>\n\t\t\t\t\t\t<span class=\"gb-datetime\">\n\t\t\t\t\t\t\t<span class=\"gb-date\"><span class=\"gb-date-wrote-text\"> schrieb am<\/span><span class=\"gb-date-text\"> 7. Juni 2022<\/span>\n\t\t\t\t\t\t\t<\/span><span class=\"gb-time\">\n\t\t\t\t\t\t\t\t\t<span class=\"gb-time-at-text\"> um<\/span>\n\t\t\t\t\t\t\t\t\t<span class=\"gb-time-text\"> 8:26<\/span>\n\t\t\t\t\t\t\t\t<\/span>\n\t\t\t\t\t\t<\/span> \n\t\t\t\t\t<\/div>\n\t\t\t\t\t<div class=\"gb-entry-content\">\u00d6ffnungszeiten aktuell\nDi. - So. ab 18:00\nSo. von 11:30 - 14:00\n\t\t\t\t\t<\/div>\n\t\t\t\t<\/article>\n\t\t\t<\/div>\n\t\t\t<\/div><\/div>\n","protected":false},"excerpt":{"rendered":"","protected":false},"author":1,"featured_media":0,"parent":0,"menu_order":0,"comment_status":"closed","ping_status":"closed","template":"","meta":{"footnotes":""},"class_list":["post-96","page","type-page","status-publish","hentry"],"_links":{"self":[{"href":"http:\/\/www.das-800grad.de\/HP-2022\/wp-json\/wp\/v2\/pages\/96","targetHints":{"allow":["GET"]}}],"collection":[{"href":"http:\/\/www.das-800grad.de\/HP-2022\/wp-json\/wp\/v2\/pages"}],"about":[{"href":"http:\/\/www.das-800grad.de\/HP-2022\/wp-json\/wp\/v2\/types\/page"}],"author":[{"embeddable":true,"href":"http:\/\/www.das-800grad.de\/HP-2022\/wp-json\/wp\/v2\/users\/1"}],"replies":[{"embeddable":true,"href":"http:\/\/www.das-800grad.de\/HP-2022\/wp-json\/wp\/v2\/comments?post=96"}],"version-history":[{"count":4,"href":"http:\/\/www.das-800grad.de\/HP-2022\/wp-json\/wp\/v2\/pages\/96\/revisions"}],"predecessor-version":[{"id":466,"href":"http:\/\/www.das-800grad.de\/HP-2022\/wp-json\/wp\/v2\/pages\/96\/revisions\/466"}],"wp:attachment":[{"href":"http:\/\/www.das-800grad.de\/HP-2022\/wp-json\/wp\/v2\/media?parent=96"}],"curies":[{"name":"wp","href":"https:\/\/api.w.org\/{rel}","templated":true}]}}